ommon factor of n and d.
50
Suppose 0 = 5*n - 4*s - 312, -4*n - 124 + 373 = -3*s. Let y(b) = -1 + 3*b - 8*b - 3*b. Let g be y(-2). What is the greatest common divisor of g and n?
15
Let b = -673 + 680. Calculate the greatest common divisor of 5 and b.
1
Let k(o) = 5*o**2 + 1. Let u be k(-2). Let q be ((-2)/(-4))/(u/1554). What is the highest common divisor of q and 259?
37
Suppose 5*n - 4*l - 120 = 0, 0*n + 4*l = -n. Suppose 5*i = 5*m - 430, -i + 2*m - 5*m = 94. Let a = 138 + i. Calculate the greatest common factor of n and a.
10
Let q be (5/(-5))/((-8)/2024). What is the highest common divisor of q and 11?
11
Let o(z) = 7*z - 11. Let q(h) = h - 1. Let r(x) = o(x) - 6*q(x). Let y be r(11). Let g be (y/(-9))/((-2)/21). Calculate the highest common factor of g and 7.
7
Suppose 0*x = -x + 3. Suppose -x*w = 2*w - 140. Suppose w = 4*b - 0*b. Calculate the highest common factor of b and 56.
7
Suppose -8*n = 12 + 124. Let f = n + 52. Calculate the highest common factor of 14 and f.
7
Suppose -5*k + 145 = 3*b, 5*b + 143 = 4*k + 2*b. What is the greatest common divisor of k and 4?
4
Let h(f) = 69*f**2 - 14*f - 14. Let k be h(-1). What is the highest common factor of 253 and k?
23
Suppose 6*d + 99 = d - k, -d = -2*k + 22. Let r = 22 - d. What is the greatest common factor of r and 6?
6
Let d(q) = -22*q**2 - q - 1. Let s be d(-1). Let w = -17 - s. Suppose -r + 7 = -w. What is the greatest common divisor of r and 18?
6
Let i be 244/12 - (-4 - (-40)/12). What is the greatest common factor of 42 and i?
21
Suppose -27*t - 45 + 288 = 0. Calculate the highest common divisor of 2412 and t.
9
Suppose 3*b = 5*k + 382, -26*b + 23*b = -2*k - 385. Calculate the highest common divisor of b and 43.
43
Suppose -559 = -4*o - 5*m, 3*m - 420 = -5*o + 2*o. Calculate the highest common divisor of 376 and o.
47
Suppose 11*t - 69 = 9*t - u, 3*u = -3. Calculate the highest common factor of 175 and t.
35
Suppose 3*t = 4 + 35. What is the greatest common divisor of 156 and t?
13
Let n be (-1 - 50/(-14))/(246/36736). What is the highest common divisor of 240 and n?
48
Let u = 335 - 325. Let s be 60/14 + 2/(-7). Suppose s*y - 5 = 15. Calculate the greatest common factor of u and y.
5
Let c be (-2 - (-28)/8)*2. Suppose 0*q - 39 = c*q. Let x = q - -21. What is the highest common divisor of x and 1?
1
Suppose 2*x + 2 = -5*u, 5*x - 2*u + 3*u = 18. Let r be 5 + (x/(-2) - 1). Let s be ((-2)/6)/(r/(-150)). Calculate the highest common factor of s and 10.
5
Let c(u) = -2*u**3 + 80*u**2 + 4*u - 98. Let s be c(40). What is the greatest common factor of s and 2?
2
Suppose 5*p - 2 - 8 = 0, 3*q = -p - 19. Let w = q - -10. Let y be -1 + (-2 - -2) - -2. Calculate the greatest common divisor of w and y.
1
Let q = -983 + 1027. What is the highest common divisor of q and 407?
11
Let u be (-55)/(-15) - 2/3. Suppose -u*d - 46 = -2*b + b, b + d = 38. What is the greatest common factor of 16 and b?
8
Let f = 9 - 17. Let u(r) be the first derivative of r**3/3 + 2*r**2 - 10*r + 40. Let t be u(f). Calculate the greatest common factor of t and 55.
11
Suppose 5*a - 11 + 1 = -5*q, -4*a = q - 5. Let w be (5 - (-155)/15) + q/(-3). What is the highest common factor of w and 3?
3
Suppose -3*r = r + 16, 0 = 5*y + 2*r - 17. Let d be 3*(3 + 7/(-3)). Suppose -y*k = -d*k - 48. Calculate the highest common divisor of k and 32.
16
Let w(o) = o**3 - 7*o**2 + o**2 - 1 + 4*o**2. Let r be w(3). Let f be -1 + -33*(1 - 2). Calculate the highest common factor of f and r.
8
Suppose -2 - 6 = -2*r. Let i = r + -4. Suppose -o - 1 = c, -4*c + 9*c + 20 = i. Calculate the greatest common factor of 27 and o.
3
Let v(a) = -a**2 - 2*a + 8. Let p be v(6). Let i = 49 + p. Calculate the highest common factor of 3 and i.
3
Let c be (2 + (-4 - -1))*-1. Suppose 2*u = -3*s - c, -3*s - 5 - 4 = 3*u. Let y(q) = -2*q - 5. Let l be y(u). What is the greatest common divisor of 11 and l?
11
Suppose -2*z + 156 = z. Calculate the greatest common divisor of 65 and z.
13
Suppose -2*l - 2*u + 19 + 1 = 0, -5*u = -5. What is the greatest common divisor of 6 and l?
3
Let r be 34/8 - 4/16. Let u = 8 - r. Suppose -3 - 21 = -u*t. Calculate the greatest common divisor of t and 3.
3
Let u = 2208 - 2197. What is the highest common divisor of u and 2673?
11
Suppose -5*l = -l + 5*o - 110, 0 = 2*o - 4. Suppose 5*k = l + 150. Calculate the greatest common factor of 5 and k.
5
Let o = -292 - -411. What is the greatest common factor of o and 34?
17
Suppose -4*v + 192 = -a - 0*a, -5*v + 2*a + 237 = 0. Let b be 28/v*98/4. What is the greatest common divisor of 126 and b?
14
Let b = 37 - 25. Suppose 16*p = b*p + 32. Let k be (-8)/((2 + -3)/1). What is the greatest common divisor of p and k?
8
Let p(l) = -l**3 + 5*l**2 + 3*l - 10. Let q be p(5). Suppose -3*f = q + 4. Let k be (108/24)/(f/(-4)). What is the highest common factor of 9 and k?
3
Suppose s + 11 = -4*g + g, 3*g = 5*s + 19. Let x be (14/(-3))/(g/36). Let c be (17 - 0) + (-6)/2 + 7. What is the highest common divisor of x and c?
21
Let x = 11 - 7. Suppose -3*g = -z + 2*z - 16, g + x = 0. Calculate the greatest common divisor of 7 and z.
7
Let c be -2 + (9/6)/((-4)/104). Let z = -29 - c. Let b = 27 + -15. Calculate the highest common divisor of z and b.
12
Let l(x) = -2*x + 2. Let o be l(-3). Let i be (-638)/(-16) + 0 + (-4)/(-32). What is the highest common factor of i and o?
8
Let y = -119 - -376. Suppose -4*i + 4*g = -g - y, g - 125 = -2*i. Calculate the highest common factor of i and 21.
21
Let o be 12/(-8)*152/(-12). Let l = -11 + o. Let u be 101/2 - 4/l. Calculate the highest common divisor of u and 10.
10
Let z = -4 - -39. Calculate the highest common factor of z and 14.
7
Let l = 21 - 18. Let t = -3 - -2. Let a be 1/(-2*t/30). Calculate the greatest common divisor of a and l.
3
Suppose 4*s - 5*o = 879, -2*o = 3*s - 5*o - 657. What is the highest common divisor of s and 8?
8
Let n = 71 + -136. Let p = -61 - n. What is the greatest common divisor of 20 and p?
4
Suppose 0 = 63*t - 70*t + 12971. What is the highest common divisor of 17 and t?
17
Suppose 0 = 48*o + 128 - 224. Suppose 22 = -0*i + 2*i. Suppose s + i = 4*u, 4*s + 7 = 2*u - 9. Calculate the highest common divisor of o and u.
2
Suppose 3*v - 3*w = 126, 5*v - 3*w - 216 = -w. Let m = v + -26. Let i be ((-36)/(-20))/((-6)/(-20)). What is the greatest common factor of m and i?
6
Let s be (52/(-12))/13 + 172/3. Calculate the greatest common factor of s and 475.
19
Let w be 22833/(-12) - (-1)/(-4). Let o be w/77 + (-2)/7. Let c be o*(-3)/6*2. What is the highest common divisor of c and 5?
5
Let y = 1126 + -172. What is the greatest common factor of y and 36?
18
Let h be (-3)/(6/4) + 4. Suppose -2*b = -8, 6 + 26 = q + h*b. Let w = 2130 + -2070. What is the highest common divisor of w and q?
12
Suppose 5 = -4*v + 21. Suppose 5*k = v*j - 42, 21 - 1 = 2*j - 2*k. Calculate the greatest common factor of j and 2.
2
Let j = 194 - 38. What is the greatest common factor of 24 and j?
12
Suppose -5*t + 62 = -3*f - f, 0 = 3*f + 9. Suppose 0 = t*r + 63 - 393. Let a be 4/6 + (-788)/(-6). What is the greatest common factor of a and r?
33
Let b be -3 + (1 - -3) - -98. Suppose -j + t + 55 = 0, j - 3*t - 68 + 17 = 0. Suppose 3*s = j - 24. Calculate the highest common factor of b and s.
11
Let d(n) = 2*n**2 - 7*n + 3. Let a be d(5). Suppose p = 5*h - 199, 2*h + 3*p - 2*p - 74 = 0. Let f = h + -12. What is the highest common factor of a and f?
9
Let r = -3112 - -3187. Let t = 3 + 0. Calculate the highest common divisor of r and t.
3
Let g be (224/(-3))/(-4)*15/(-10). Suppose 4*x + 17 = 1. Let u be (x/5)/(g/70). Calculate the highest common divisor of u and 3.
1
Let z(h) = -5*h - 1. Let t be z(-3). Let q(k) = 2*k**2 + 3*k - 17. Let u be q(-8). Let w = u - 17. What is the greatest common factor of t and w?
14
Let j(g) = -60*g. Let v be j(-1). Let a be 4/4*-2 + 3 - -1. Suppose -5*d - a*q = -116, 4*d - 112 = -d - 4*q. What is the greatest common factor of v and d?
12
Let j be 16/2*(-2)/(-1). Suppose 0 = -51*b + 5201 + 315 - 1028. What is the highest common factor of j and b?
8
Let p(o) = -3*o**3 + 11*o**2 + 25*o - 22. Let k be p(5). Calculate the highest common factor of 375 and k.
3
Suppose -34*h + 47*h - 2106 = 0. What is the greatest common factor of h and 108?
54
Let s(v)